u = -p*b - 3. List the prime factors of (-1 + 3)*b - -9.
7
What are the prime factors of (1 - -3 - -2)*(-45)/(-6)?
3, 5
Suppose 4*d - 5*z = 169, 2*d + z - 93 = -26. What are the prime factors of d?
2, 3
Let o = -21 - -7. Let r = o + 26. What are the prime factors of r?
2, 3
Let y be 13/4 + 2/(-8). Let c = 10 - 12. List the prime factors of 96/9 + c/y.
2, 5
Let g = -18 - -30. Let y = 19 - g. Suppose -y + 62 = 5*w. What are the prime factors of w?
11
Let s(w) = -4*w + 1. What are the prime factors of s(-4)?
17
Let h = 278 + 91. What are the prime factors of h?
3, 41
Let v(s) = -s**2 + 7*s + 2. Suppose -9*d = -4*d - y - 27, -3*d = -3*y - 21. Suppose -d = -3*w + 5*q + 8, 0 = 3*q - 3. What are the prime factors of v(w)?
2
Suppose 426 = 3*v - 114. What are the prime factors of v?
2, 3, 5
Let i(t) = -9*t - 3. Let w be i(-2). What are the prime factors of w/3*(0 - -1)?
5
Suppose -23 = j + 5*d, -5*j - 105 = d - 14. Let t = 123 + -84. Let l = j + t. List the prime factors of l.
3, 7
Suppose -o - 5 = -2*o, 0 = -u - o + 100. List the prime factors of u.
5, 19
Suppose -2*d + 5*d - 5*u - 1307 = 0, 421 = d + 2*u. What are the prime factors of d?
3, 11, 13
Let q(w) be the second derivative of -w**5/20 - 2*w**4/3 - 4*w**3/3 - w**2/2 - 5*w. What are the prime factors of q(-7)?
2, 3
Let p = -16 - -24. Let y = -11 + 8. Let s = y + p. List the prime factors of s.
5
Let f = -10 - -14. Suppose -10 = -3*c - 4*d - 0, 2*d = 2*c - 2. Suppose f = h - 2*w, c*w = h + 4*w. List the prime factors of h.
2
Suppose 0*g = 2*g - 52. Let j = -23 + g. List the prime factors of j.
3
Suppose p + k - 60 = 0, -3*p - 2*k + 103 = -76. List the prime factors of p.
59
Let a(g) = -g**2 - 7*g - 9. Let z be a(-7). Let u(s) be the third derivative of s**4/24 + 17*s**3/6 - s**2. What are the prime factors of u(z)?
2
Suppose -8*i + 451 + 1557 = 0. What are the prime factors of i?
251
List the prime factors of ((-21)/(-7) + -2)/((-2)/(-136)).
2, 17
Let a = -11 - -27. Suppose 3*j = -a + 4. List the prime factors of 1/j + 106/8.
13
Let p(r) = -11*r**3 - r + 1. Let z be p(1). Let g be z/(-4) - (-2)/8. Suppose -q - 2*d = -3, -g*d - 5 = -3*q + 13. What are the prime factors of q?
5
Let f be 3/(-3) + (-18)/(-2). Suppose -4*b + f = -0. Suppose 4*q - b*i = -0*i + 42, 46 = 5*q + 4*i. What are the prime factors of q?
2, 5
Let i be (-6)/(-3) - (1 + 1). Suppose i = -2*j + 2 + 30. List the prime factors of j.
2
Suppose 4*x + 4*k = 8, -4 = x + 2*k - 3. Suppose 25 = 3*s - x. List the prime factors of s.
2, 5
Suppose -24 = -5*z - 4. Suppose 0 = -s - z*s - 3*i, -4*i = 5*s. Suppose 4*x - 80 + 24 = s. What are the prime factors of x?
2, 7
Let i = 140 - 41. List the prime factors of i.
3, 11
Suppose -3*u + c + 2 = 0, -3*u + 4*c = c - 6. Suppose -3*p - p + 8 = u. List the prime factors of p.
2
Let s = 8 + -6. Suppose -2*v = s*v. Suppose 5*j + 4*g + 6 = v, -18 = -3*j + 2*g - 4. List the prime factors of j.
2
Let r(o) = 2*o**3 + 13*o**2 - 6*o + 8. What are the prime factors of r(-6)?
2, 5
Suppose -2*p + 45 = -2*c - c, 0 = -5*p - 3*c + 165. Let n(h) = h**2 + h + 3. Let k be n(-2). Suppose -2*g - p = -k*g. List the prime factors of g.
2, 5
Let c = 142 + -76. What are the prime factors of c?
2, 3, 11
Let d = 216 + -129. What are the prime factors of d?
3, 29
Let i(p) = 4 + 0 + p**2 - 6 - 3*p + 1. List the prime factors of i(6).
17
Let t be (-1)/((-6)/8)*33. Suppose t = 3*c - c. List the prime factors of c.
2, 11
Suppose o + 1 = 3. Suppose -3 = u - o*u. What are the prime factors of u?
3
Let i(q) = -7*q - 1. Let z be (((-4)/(-2))/2)/(-1). List the prime factors of i(z).
2, 3
Suppose -22*m + 390 = -20*m. What are the prime factors of m?
3, 5, 13
What are the prime factors of (-3716)/(-30) - 10/(-75)?
2, 31
Let c be (-8)/(1 + 0/2). List the prime factors of (-4)/c*(18 + 0).
3
Suppose 4*w + 5*h + 8 = 5*w, -h = -w + 20. What are the prime factors of w?
23
Suppose -19 - 5 = -4*y - z, -3*z = 2*y - 22. Let l = 19 + -15. Let p = y + l. What are the prime factors of p?
3
Suppose -5*o = z - 28, 2*z + 4 = -3*o + 46. List the prime factors of z.
2, 3
Suppose 0 = -4*p + 120 + 120. Suppose n = -n - p. What are the prime factors of (1 + -2)/(3/n)?
2, 5
Suppose -2*k + 76 - 6 = 0. What are the prime factors of k?
5, 7
Let y be -17 - (-6)/3 - -2. Let i be (1*(-2 - y))/(-1). Let d = -7 - i. List the prime factors of d.
2
Let t be ((-5)/(-10))/((-1)/(-6)). What are the prime factors of (-6)/(t/9 + -1)?
3
Let j = -5 - -8. Let t be j/6*-2 + 0. List the prime factors of 1*(-2 + -9)/t.
11
List the prime factors of 80 - ((-18)/10)/(3/(-5)).
7, 11
Let r(q) = q**2 + 5*q + 6. Let b(c) = 3*c**2 + 14*c + 17. Let p(f) = -6*b(f) + 17*r(f). Let i be p(2). Let l = 6 + i. List the prime factors of l.
2
Let s = -6 - -8. Let z = 7 - s. Suppose -5*r - 19 = n, -2 + 1 = 4*n + z*r. List the prime factors of n.
2, 3
Let u(n) = 2*n**2 - 10*n. What are the prime factors of u(-4)?
2, 3
Let b(y) = -y**3 + 7*y**2 + 2*y + 9. Let l be b(7). Let k = l - 16. List the prime factors of k.
7
Let n(f) = -2*f - 4. Let z be n(-3). Suppose 13*k - 17*k = 0. Suppose -j + k = -z. List the prime factors of j.
2
Suppose -2 = -h + 1. Let z = h - -5. Suppose 5*a = 4*x - 2, -3*a + 10 = 4*x - z. List the prime factors of x.
3
Suppose 2*g - 63 = 6*g + 3*o, -33 = 2*g + o. List the prime factors of (-2)/(((-20)/g)/(-5)).
3
Let j(b) be the second derivative of b**3/6 + 3*b**2/2 - 4*b. Let t be j(0). Suppose -2*c + 20 = h - 0*h, -t*c = 3. List the prime factors of h.
2, 11
List the prime factors of (-12)/(-42) + 3104/14.
2, 3, 37
Let d be 87/12 - (-4)/(-16). Let v(t) = 3*t - 10. List the prime factors of v(d).
11
Let d(g) = -g**2 - 7*g - 7. Suppose 0 = -4*x + 5*x - 5*z + 10, 2*x + 5*z = -5. What are the prime factors of d(x)?
3
Let a(r) = -4*r**3 - r**2 + 2*r + 2. Let b be a(-2). Let t = b - 7. What are the prime factors of t?
19
Let f(x) = -4*x - 4. Let q(a) = -5*a - 4. Let z(t) = 4*f(t) - 3*q(t). What are the prime factors of z(-6)?
2
Let b be (7/2 + -2)*-2. What are the prime factors of ((-11)/(-3) + b)*3?
2
Let s(z) = z**3 - 4*z**2 - 3 - 1 + 11*z**2 + 5*z. Let j be s(-6). Suppose j*o + 0*o - 3*q = 21, 3*o - 39 = -3*q. List the prime factors of o.
2, 3
Suppose -2*l - 5*h = 4, -1 - 1 = -2*l - 2*h. Suppose -2*x = l + 23. Let b = 21 + x. What are the prime factors of b?
2
Suppose -1 = m - 3. Suppose -2*x + c + 2 = -3*x, 4*c = 3*x - 22. Suppose 66 = 5*r + m*z + x*z, -4*r + 60 = -4*z. What are the prime factors of r?
2, 7
Suppose 363 = m + 2*m + 3*d, 5*m + 2*d - 608 = 0. List the prime factors of m.
2, 61
Let b = -8 - -13. Suppose 4*n - b*n - 2*j + 12 = 0, -3*n + 16 = 2*j. List the prime factors of n/(-8) + 18/8.
2
Suppose -j - 3*f - 2*f = -13, 17 = 3*j + 4*f. List the prime factors of j.
3
Let g be ((-8)/12)/(2/(-9)). Suppose -g*w - w - 2*s + 32 = 0, -2*w + 12 = -s. List the prime factors of w.
7
Suppose -116 - 150 = -2*b. What are the prime factors of b?
7, 19
Let t = 37 + 75. List the prime factors of t.
2, 7
List the prime factors of ((-14)/(-4))/(138/(-144) - -1).
2, 3, 7
Let w(j) = -j + 1. Let f be w(3). Let k be (f/(-2) - -5)/1. List the prime factors of (8/k)/((-3)/(-9)).
2
Let y = 1 - 0. Suppose -y = 2*k - 3. Suppose k = -2*j + 9. List the prime factors of j.
2
Let z(c) = -9*c + 9. List the prime factors of z(-1).
2, 3
Suppose 0*r = -3*r - s + 76, -1 = -s. List the prime factors of r.
5
Suppose 34 - 129 = -5*z - l, 3*z - 50 = -2*l. Let c = 29 - z. List the prime factors of c.
3
Let u(g) = 4*g - 2 - g - 2*g. Let a be u(4). What are the prime factors of 9 + (1 + 3)/a?
11
Let c(w) = -w**3 + 2*w**2 + 3*w - 3. Suppose -t + 14 = -3*p, 3 = -4*p - 13. What are the prime factors of c(t)?
3
Suppose 39 = 3*n - 9. What are the prime factors of n?
2
Let p(a) = -1 + 3 - 3 - 7*a. What are the prime factors of p(-1)?
2, 3
Let h be 2 - 0 - (1 - 1). Suppose 25 = -h*c + 3*c + 4*x, -3*c + 35 = 2*x. Suppose 0*y = -3*y + c. What are the prime factors of y?
3
Let s = -16 - -22. Let b be ((-9)/2)/(s/(-32)). What are the prime factors of b/4 - 3*-1?
3
Let f = -41 - -14. List the prime factors of (-4)/18 - 249/f.
3
Suppose 74 = 4*p - 74. What are the prime factors of p?
37
Suppose 4*u + i - 89 = 0, -5*u - 5*i = -0*i - 100. Suppose -4*a = -z + u, a = 3*z - 6 + 3. Let y(n) = -n**3 - 6*n**2 - n - 3. List the p